 of 4628?
True
Is 4190990 a multiple of 241?
True
Does 84 divide 290556?
True
Is 25020 even?
True
Is 138 a factor of 3742265?
False
Does 25 divide 411457?
False
Is 49 a factor of 1977786?
False
Is 4 a factor of 28642?
False
Is 1341300 a multiple of 25?
True
Does 14 divide 4444473?
False
Is 1014171 a multiple of 12?
False
Is 184 a factor of 76061?
False
Is 1919232 a multiple of 238?
True
Is 1432909 a multiple of 35?
False
Does 4 divide 763406?
False
Is 10 a factor of 2412254?
False
Is 2782098 a multiple of 9?
True
Does 101 divide 671504?
False
Is 134 a factor of 9373434?
True
Does 398 divide 103875?
False
Does 61 divide 18131212?
False
Is 94 a factor of 195115?
False
Does 46 divide 604854?
True
Is 37 a factor of 314094?
False
Does 5 divide 149551?
False
Is 118 a factor of 454887?
False
Is 13719 a multiple of 2?
False
Does 73 divide 64751?
True
Is 473976 a multiple of 58?
True
Is 3315234 a multiple of 78?
True
Is 9 a factor of 3936213?
True
Does 18 divide 7072506?
True
Is 342698 a multiple of 122?
True
Is 4 a factor of 1388212?
True
Does 121 divide 368505?
False
Is 1247774 a multiple of 185?
False
Is 1199309 a multiple of 6?
False
Is 48 a factor of 264528?
True
Is 252 a factor of 5813624?
False
Is 78 a factor of 501190?
False
Is 13 a factor of 490782?
False
Is 1057 a factor of 19122187?
True
Does 7 divide 1946868?
True
Is 8946376 a multiple of 68?
False
Is 273 a factor of 209537?
False
Does 28 divide 397880?
True
Is 98208 a multiple of 288?
True
Is 899617 a multiple of 25?
False
Is 159 a factor of 98739?
True
Does 515 divide 3853745?
True
Does 213 divide 2373995?
False
Does 161 divide 1731576?
False
Does 10 divide 167890?
True
Is 14314 a multiple of 34?
True
Does 213 divide 21429?
False
Is 86800 a multiple of 352?
False
Is 1886989 a multiple of 13?
True
Is 11668682 a multiple of 495?
False
Is 276094 a multiple of 3?
False
Is 36 a factor of 2484396?
True
Does 197 divide 192075?
True
Is 8 a factor of 100741?
False
Does 354 divide 55476?
False
Is 2310 a factor of 5687220?
True
Does 20 divide 74980?
True
Is 7 a factor of 370272?
True
Is 18 a factor of 40806?
True
Does 9 divide 94507?
False
Does 49 divide 42894?
False
Is 121491 a multiple of 14?
False
Is 116 a factor of 11869156?
False
Is 1661046 a multiple of 20?
False
Does 130 divide 3061110?
True
Is 10 a factor of 10250?
True
Does 33 divide 63852?
False
Does 5 divide 153270?
True
Is 139 a factor of 25298?
True
Does 23 divide 2784?
False
Is 322704 a multiple of 108?
True
Is 133832 a multiple of 4?
True
Does 12 divide 235847?
False
Is 168618 a multiple of 307?
False
Is 118 a factor of 107026?
True
Does 224 divide 15154802?
False
Is 292876 a multiple of 16?
False
Is 7820046 a multiple of 13?
True
Does 305 divide 371578?
False
Is 14 a factor of 133490?
True
Is 2 a factor of 15563?
False
Does 76 divide 6080?
True
Is 813024 a multiple of 18?
True
Does 132 divide 42598?
False
Is 306 a factor of 3202725?
False
Does 305 divide 416913?
False
Does 26 divide 168844?
True
Is 2479185 a multiple of 9?
True
Is 674801 a multiple of 5?
False
Is 636174 a multiple of 18?
True
Is 14 a factor of 206608?
False
Does 20 divide 4281100?
True
Is 7736909 a multiple of 20?
False
Is 270 a factor of 105840?
True
Is 239013 a multiple of 9?
True
Is 1714788 a multiple of 207?
True
Is 28 a factor of 30962?
False
Is 49 a factor of 1248030?
True
Is 60 a factor of 2514900?
True
Is 19085 a multiple of 83?
False
Is 40001 a multiple of 76?
False
Does 17 divide 298350?
True
Does 5 divide 221709?
False
Is 367491 a multiple of 8?
False
Does 83 divide 1046385?
False
Does 32 divide 1609053?
False
Is 50111 a multiple of 11?
False
Is 212250 a multiple of 75?
True
Does 892 divide 2216620?
True
Does 6 divide 1173572?
False
Does 13 divide 13221522?
False
Is 309249 a multiple of 23?
False
Is 14 a factor of 24220?
True
Is 1050019 a multiple of 71?
True
Does 13 divide 3245489?
True
Is 349 a factor of 1778853?
True
Is 16 a factor of 695864?
False
Does 1167 divide 2100747?
False
Does 249 divide 126308?
False
Is 48139 a multiple of 13?
True
Is 36 a factor of 498395?
False
Does 60 divide 2081940?
True
Is 3350325 a multiple of 15?
True
Is 2977261 a multiple of 889?
True
Does 51 divide 2741301?
True
Is 168670 a multiple of 64?
False
Does 51 divide 3139566?
False
Does 4 divide 15912?
True
Is 3741013 a multiple of 340?
False
Does 15 divide 1162893?
False
Is 100996 a multiple of 14?
True
Does 37 divide 5615?
False
Does 128 divide 474202?
False
Is 636831 a multiple of 117?
True
Is 17658428 a multiple of 363?
False
Does 6 divide 2011132?
False
Is 9 a factor of 495333?
True
Is 211 a factor of 1412856?
True
Does 3035 divide 8097380?
True
Does 221 divide 534378?
True
Does 67 divide 139159?
True
Does 2 divide 456067?
False
Is 129 a factor of 2808975?
True
Does 14 divide 283816?
False
Is 77070 a multiple of 21?
True
Is 24831 even?
False
Is 1967625 a multiple of 75?
True
Is 203574 a multiple of 222?
True
Is 5 a factor of 14866?
False
Is 12 a factor of 65208?
True
Does 24 divide 1100544?
True
Does 11 divide 266886?
False
Is 87 a factor of 1487526?
True
Is 809 a factor of 5837744?
True
Is 21483948 a multiple of 291?
True
Does 29 divide 258506?
True
Is 3 a factor of 346884?
True
Is 649 a factor of 622905?
False
Is 112 a factor of 462672?
True
Does 27 divide 318614?
False
Is 22 a factor of 200741?
False
Is 238840 a multiple of 70?
True
Does 25 divide 5919825?
True
Is 187000 a multiple of 88?
True
Is 12 a factor of 13612916?
False
Is 35700 a multiple of 26?
False
Is 758275 a multiple of 3?
False
Is 48458 a multiple of 5?
False
Is 103389 a multiple of 11?
True
Is 4 a factor of 44934?
False
Does 62 divide 19741854?
True
Is 721153 a multiple of 50?
False
Does 31 divide 4661129?
True
Is 677002 a multiple of 78?
False
Does 32 divide 414213?
False
Does 298 divide 42034?
False
Is 14 a factor of 121442?
False
Does 98 divide 3017910?
True
Does 20 divide 208560?
True
Is 15 a factor of 58530?
True
Does 9 divide 303406?
False
Is 10826100 a multiple of 141?
False
Is 36 a factor of 3823920?
True
Is 61971 a multiple of 11?
False
Is 7 a factor of 966077?
True
Is 676390 a multiple of 2?
True
Is 244299 a multiple of 36?
False
Is 24 a factor of 102954?
False
Is 11111 a multiple of 271?
True
Is 14464 a multiple of 64?
True
Does 122 divide 4385836?
False
Does 24 divide 710387?
False
Does 100 divide 1593744?
False
Is 62055 a multiple of 187?
False
Is 46 a factor of 22294?
False
Is 70 a factor of 1387857?
False
Is 186984 a multiple of 424?
True
Is 9 a factor of 137849?
False
Is 1037 a factor of 906542?
False
Does 4 divide 1169464?
True
Does 49 divide 301168?
False
Is 52 a factor of 1459224?
True
Does 119 divide 1695631?
True
Does 10 divide 3837752?
False
Is 17 a factor of 2954430?
True
Is 859 a factor of 14260259?
True
Does 82 divide 5103312?
False
Is 8 a factor of 595248?
True
Is 38 a factor of 1960868?
False
Does 99 divide 9381141?
True
Is 15 a factor of 41985?
True
Is 32421000 a multiple of 535?
True
Is 362513 a multiple of 703?
False
Is 134910 a multiple of 30?
True
Does 11 divide 14787938?
True
Is 116 a factor of 203232?
True
Is 80 a factor of 183952?
False
Is 133863 a multiple of 3?
True
Is 184162 a multiple of 242?
True
Is 206871 a multiple of 7?
True
Is 3162860 a multiple of 308?
False
Is 10858703 a multiple of 12?
False
Does 215 divide 2735230?
True
Is 923 a factor of 151243?
False
Does 252 divide 6019776?
True
Does 1101 divide 6118387?
False
Does 312 divide 695971?
False
Does 12 divide 4602078?
False
Is 8003613 a multiple of 453?
False
Does 12 divide 284232?
True
Is 115 a factor of 1940395?
True
Is 1593311 a multiple of 148?
False
Is 7205790 a multiple of 51?
True
Does 128 divide 1382148?
False
Is 1526252 a multiple of 91?
True
Does 76 divide 1775077?
False
Does 88 divide 1116367?
False
Does 53 divide 14628?
True
Is 65310 a multiple of 7?
True
Is 32 a factor of 51847?
False
Does 16 divide 317312?
True
Is 591384 a multiple of 8?
True
Does 7 divide 1396625?
False
Is 1337308 a multiple of 128?
False
Is 3449795 a multiple of 23?
False
Is 5830898 a multiple of 1082?
True
Is 102357 a multiple of 9?
True
Does 27 divide 1275627?
False
Does 213 divide 829209?
True
Does 38 divide 12540?
True
Does 756 divide 13394220?
False
Is 43416 a multiple of 81?
True
Does 41 divide 1682968?
True
Is 343